{"id":1633,"date":"2016-01-20T13:53:48","date_gmt":"2016-01-20T13:53:48","guid":{"rendered":"http:\/\/anpsthemes.com\/construction\/?page_id=1633"},"modified":"2016-01-20T13:53:48","modified_gmt":"2016-01-20T13:53:48","slug":"2-column-news","status":"publish","type":"page","link":"https:\/\/demo.onayyapi.net\/index.php\/2-column-news\/","title":{"rendered":"2 column news"},"content":{"rendered":"<p>[vc_row][vc_column]<div class='row anps-blog'><div class=\"col-md-6\">\n    <article id=\"post-1\" class=\"post-1 post type-post status-publish format-standard hentry category-genel\">\n        <header class=\"entry-header\">\n                        <a href=\"https:\/\/demo.onayyapi.net\/index.php\/2021\/02\/07\/merhaba-dunya\/\"><h3 class=\"post-title entry-title text-uppercase\">Merhaba d\u00fcnya!<\/h3><\/a>\n            <ul class='post-meta'><li>\n                <i class='fa fa-calendar'><\/i>\n                <time datetime='2021-02-07 12:35'>7 \u015eubat 2021<\/time>\n            <\/li><li>\n                <i class='fa fa-commenting-o'><\/i>\n                1 Yorum\n            <\/li><\/ul>        <\/header>\n        <div class=\"post-content entry-content\">\n            <div class=\"post-desc clearfix\">\n                \n<p>WordPress&#8217;e ho\u015f geldiniz. Bu sizin ilk yaz\u0131n\u0131z. Bu yaz\u0131y\u0131 d\u00fczenleyin ya da silin. Sonra yazmaya ba\u015flay\u0131n!<\/p>\n            <\/div>\n            <a href=\"https:\/\/demo.onayyapi.net\/index.php\/2021\/02\/07\/merhaba-dunya\/\" class=\"btn btn-md btn-gradient btn-shadow\">Read More<\/a>\n        <\/div>\n    <\/article>\n<\/div>\n<div class=\"col-md-6\">\n    <article id=\"post-1241\" class=\"post-1241 post type-post status-publish format-standard has-post-thumbnail hentry category-energy category-industry category-manufacturing tag-beautiful tag-eco tag-green\">\n        <header class=\"entry-header\">\n            <img loading=\"lazy\" decoding=\"async\" width=\"871\" height=\"430\" src=\"https:\/\/demo.onayyapi.net\/wp-content\/uploads\/2016\/01\/post1-1.jpg\" class=\"attachment-large size-large wp-post-image\" alt=\"\" srcset=\"https:\/\/demo.onayyapi.net\/wp-content\/uploads\/2016\/01\/post1-1.jpg 871w, https:\/\/demo.onayyapi.net\/wp-content\/uploads\/2016\/01\/post1-1-600x296.jpg 600w, https:\/\/demo.onayyapi.net\/wp-content\/uploads\/2016\/01\/post1-1-300x148.jpg 300w, https:\/\/demo.onayyapi.net\/wp-content\/uploads\/2016\/01\/post1-1-768x379.jpg 768w\" sizes=\"auto, (max-width: 871px) 100vw, 871px\" \/>            <a href=\"https:\/\/demo.onayyapi.net\/index.php\/2016\/01\/18\/responsible-to-environment\/\"><h3 class=\"post-title entry-title text-uppercase\">Responsible to environment<\/h3><\/a>\n            <ul class='post-meta'><li>\n                <i class='fa fa-calendar'><\/i>\n                <time datetime='2016-01-18 02:43'>18 Ocak 2016<\/time>\n            <\/li><li>\n                <i class='fa fa-commenting-o'><\/i>\n                Yorum yap\u0131lmam\u0131\u015f\n            <\/li><\/ul>        <\/header>\n        <div class=\"post-content entry-content\">\n            <div class=\"post-desc clearfix\">\n                <p>[vc_row css=&#8221;.vc_custom_1453128198958{margin-bottom: 0px !important;}&#8221;][vc_column][vc_column_text]Lorem ipsum dolor sit amet, consectetur adipiscing elit. Nam efficitur rutrum diam, ut commodo ipsum elementum.\u00a0Duis quis iaculis purus, eget mattis urna. Quisque consectetur odio ac ante fermentum malesuada. Nullam eget lectus euismod, rutrum quam quis, venenatis ligula. Integer egestas elit ipsum. Vivamus nec egestas turpis, et semper neque. Pellentesque ac nisl feugiat, blandit mauris ut, sollicitudin quam. Vivamus vestibulum est scelerisque mi tempus fermentum. Vestibulum sed orci cursus, dictum nisl nec, iaculis tellus.<\/p>\n<p>Sed eget cursus metus. Proin finibus volutpat consectetur. Proin vitae arcu vitae dolor porttitor vestibulum sed non dolor. Pellentesque lacinia erat diam, in dapibus mi venenatis non. Praesent ut massa est. Praesent eu odio auctor, aliquet risus non, auctor nisl. Vivamus dictum tincidunt consectetur. Aliquam commodo dignissim lorem vitae viverra. Sed quis maximus dolor. In hac habitasse platea dictumst. Cras auctor magna quis lorem sodales convallis. Quisque sodales congue quam, sed tincidunt dolor mollis id. Nunc sed lacus semper mauris lacinia volutpat. Quisque consectetur et nunc in vulputate. Nullam euismod lectus nec metus sodales scelerisque. Ut mi est, commodo non purus eu, ultricies sagittis sapien.[\/vc_column_text][\/vc_column][\/vc_row][vc_row css=&#8221;.vc_custom_1453128316492{margin-bottom: 20px !important;}&#8221;][vc_column]<blockquote><p>Lorem ipsum dolor sit amet, consectetur adipiscing elit. Nam efficitur rutrum diam, ut commodo ipsum elementum ac. Duis quis iaculis purus, eget mattis urna. Quisque consectetur odio ac ante fermentum malesuada. Nullam eget lectus euismod, rutrum quam quis, venenatis ligula. Integer egestas elit ipsum. Vivamus nec egestas turpis, et semper neque.<\/p><\/blockquote>[\/vc_column][\/vc_row][vc_row css=&#8221;.vc_custom_1453128278552{margin-bottom: 0px !important;}&#8221;][vc_column][vc_column_text]Lorem ipsum dolor sit amet, consectetur adipiscing elit. Nam efficitur rutrum diam, ut commodo ipsum elementum ac. Duis quis iaculis purus, eget mattis urna. Quisque consectetur odio ac ante fermentum malesuada. Nullam eget lectus euismod, rutrum quam quis, venenatis ligula. Integer egestas elit ipsum. Vivamus nec egestas turpis, et semper neque. Pellentesque ac nisl feugiat, blandit mauris ut, sollicitudin quam. Vivamus vestibulum est scelerisque mi tempus fermentum. Vestibulum sed orci cursus, dictum nisl nec, iaculis tellus.[\/vc_column_text][\/vc_column][\/vc_row]<\/p>\n            <\/div>\n            <a href=\"https:\/\/demo.onayyapi.net\/index.php\/2016\/01\/18\/responsible-to-environment\/\" class=\"btn btn-md btn-gradient btn-shadow\">Read More<\/a>\n        <\/div>\n    <\/article>\n<\/div>\n<div class=\"col-md-6\">\n    <article id=\"post-1184\" class=\"post-1184 post type-post status-publish format-standard has-post-thumbnail hentry category-industry category-manufacturing category-materials\">\n        <header class=\"entry-header\">\n            <img loading=\"lazy\" decoding=\"async\" width=\"871\" height=\"430\" src=\"https:\/\/demo.onayyapi.net\/wp-content\/uploads\/2016\/01\/post2-1.jpg\" class=\"attachment-large size-large wp-post-image\" alt=\"\" srcset=\"https:\/\/demo.onayyapi.net\/wp-content\/uploads\/2016\/01\/post2-1.jpg 871w, https:\/\/demo.onayyapi.net\/wp-content\/uploads\/2016\/01\/post2-1-600x296.jpg 600w, https:\/\/demo.onayyapi.net\/wp-content\/uploads\/2016\/01\/post2-1-300x148.jpg 300w, https:\/\/demo.onayyapi.net\/wp-content\/uploads\/2016\/01\/post2-1-768x379.jpg 768w\" sizes=\"auto, (max-width: 871px) 100vw, 871px\" \/>            <a href=\"https:\/\/demo.onayyapi.net\/index.php\/2016\/01\/07\/the-engineering-of-today\/\"><h3 class=\"post-title entry-title text-uppercase\">The engineering of today<\/h3><\/a>\n            <ul class='post-meta'><li>\n                <i class='fa fa-calendar'><\/i>\n                <time datetime='2016-01-07 03:09'>7 Ocak 2016<\/time>\n            <\/li><li>\n                <i class='fa fa-commenting-o'><\/i>\n                Yorum yap\u0131lmam\u0131\u015f\n            <\/li><\/ul>        <\/header>\n        <div class=\"post-content entry-content\">\n            <div class=\"post-desc clearfix\">\n                <p>[vc_row css=&#8221;.vc_custom_1453128198958{margin-bottom: 0px !important;}&#8221;][vc_column][vc_column_text]Lorem ipsum dolor sit amet, consectetur adipiscing elit. Nam efficitur rutrum diam, ut commodo ipsum elementum.\u00a0Duis quis iaculis purus, eget mattis urna. Quisque consectetur odio ac ante fermentum malesuada. Nullam eget lectus euismod, rutrum quam quis, venenatis ligula. Integer egestas elit ipsum. Vivamus nec egestas turpis, et semper neque. Pellentesque ac nisl feugiat, blandit mauris ut, sollicitudin quam. Vivamus vestibulum est scelerisque mi tempus fermentum. Vestibulum sed orci cursus, dictum nisl nec, iaculis tellus.<\/p>\n<p>Sed eget cursus metus. Proin finibus volutpat consectetur. Proin vitae arcu vitae dolor porttitor vestibulum sed non dolor. Pellentesque lacinia erat diam, in dapibus mi venenatis non. Praesent ut massa est. Praesent eu odio auctor, aliquet risus non, auctor nisl. Vivamus dictum tincidunt consectetur. Aliquam commodo dignissim lorem vitae viverra. Sed quis maximus dolor. In hac habitasse platea dictumst. Cras auctor magna quis lorem sodales convallis. Quisque sodales congue quam, sed tincidunt dolor mollis id. Nunc sed lacus semper mauris lacinia volutpat. Quisque consectetur et nunc in vulputate. Nullam euismod lectus nec metus sodales scelerisque. Ut mi est, commodo non purus eu, ultricies sagittis sapien.[\/vc_column_text][\/vc_column][\/vc_row][vc_row css=&#8221;.vc_custom_1453128316492{margin-bottom: 20px !important;}&#8221;][vc_column]<blockquote><p>Lorem ipsum dolor sit amet, consectetur adipiscing elit. Nam efficitur rutrum diam, ut commodo ipsum elementum ac. Duis quis iaculis purus, eget mattis urna. Quisque consectetur odio ac ante fermentum malesuada. Nullam eget lectus euismod, rutrum quam quis, venenatis ligula. Integer egestas elit ipsum. Vivamus nec egestas turpis, et semper neque.<\/p><\/blockquote>[\/vc_column][\/vc_row][vc_row css=&#8221;.vc_custom_1453128278552{margin-bottom: 0px !important;}&#8221;][vc_column][vc_column_text]Lorem ipsum dolor sit amet, consectetur adipiscing elit. Nam efficitur rutrum diam, ut commodo ipsum elementum ac. Duis quis iaculis purus, eget mattis urna. Quisque consectetur odio ac ante fermentum malesuada. Nullam eget lectus euismod, rutrum quam quis, venenatis ligula. Integer egestas elit ipsum. Vivamus nec egestas turpis, et semper neque. Pellentesque ac nisl feugiat, blandit mauris ut, sollicitudin quam. Vivamus vestibulum est scelerisque mi tempus fermentum. Vestibulum sed orci cursus, dictum nisl nec, iaculis tellus.[\/vc_column_text][\/vc_column][\/vc_row]<\/p>\n            <\/div>\n            <a href=\"https:\/\/demo.onayyapi.net\/index.php\/2016\/01\/07\/the-engineering-of-today\/\" class=\"btn btn-md btn-gradient btn-shadow\">Read More<\/a>\n        <\/div>\n    <\/article>\n<\/div>\n<div class=\"col-md-6\">\n    <article id=\"post-1183\" class=\"post-1183 post type-post status-publish format-standard has-post-thumbnail hentry category-chemical category-energy category-industry category-manufacturing category-materials tag-eco tag-house tag-smart\">\n        <header class=\"entry-header\">\n            <img loading=\"lazy\" decoding=\"async\" width=\"871\" height=\"430\" src=\"https:\/\/demo.onayyapi.net\/wp-content\/uploads\/2016\/01\/post3-1.jpg\" class=\"attachment-large size-large wp-post-image\" alt=\"\" srcset=\"https:\/\/demo.onayyapi.net\/wp-content\/uploads\/2016\/01\/post3-1.jpg 871w, https:\/\/demo.onayyapi.net\/wp-content\/uploads\/2016\/01\/post3-1-600x296.jpg 600w, https:\/\/demo.onayyapi.net\/wp-content\/uploads\/2016\/01\/post3-1-300x148.jpg 300w, https:\/\/demo.onayyapi.net\/wp-content\/uploads\/2016\/01\/post3-1-768x379.jpg 768w\" sizes=\"auto, (max-width: 871px) 100vw, 871px\" \/>            <a href=\"https:\/\/demo.onayyapi.net\/index.php\/2016\/01\/07\/the-humble-beginnings\/\"><h3 class=\"post-title entry-title text-uppercase\">The humble beginnings<\/h3><\/a>\n            <ul class='post-meta'><li>\n                <i class='fa fa-calendar'><\/i>\n                <time datetime='2016-01-07 03:00'>7 Ocak 2016<\/time>\n            <\/li><li>\n                <i class='fa fa-commenting-o'><\/i>\n                Yorum yap\u0131lmam\u0131\u015f\n            <\/li><\/ul>        <\/header>\n        <div class=\"post-content entry-content\">\n            <div class=\"post-desc clearfix\">\n                <p>[vc_row css=&#8221;.vc_custom_1453128198958{margin-bottom: 0px !important;}&#8221;][vc_column][vc_column_text]Lorem ipsum dolor sit amet, consectetur adipiscing elit. Nam efficitur rutrum diam, ut commodo ipsum elementum.\u00a0Duis quis iaculis purus, eget mattis urna. Quisque consectetur odio ac ante fermentum malesuada. Nullam eget lectus euismod, rutrum quam quis, venenatis ligula. Integer egestas elit ipsum. Vivamus nec egestas turpis, et semper neque. Pellentesque ac nisl feugiat, blandit mauris ut, sollicitudin quam. Vivamus vestibulum est scelerisque mi tempus fermentum. Vestibulum sed orci cursus, dictum nisl nec, iaculis tellus.<\/p>\n<p>Sed eget cursus metus. Proin finibus volutpat consectetur. Proin vitae arcu vitae dolor porttitor vestibulum sed non dolor. Pellentesque lacinia erat diam, in dapibus mi venenatis non. Praesent ut massa est. Praesent eu odio auctor, aliquet risus non, auctor nisl. Vivamus dictum tincidunt consectetur. Aliquam commodo dignissim lorem vitae viverra. Sed quis maximus dolor. In hac habitasse platea dictumst. Cras auctor magna quis lorem sodales convallis. Quisque sodales congue quam, sed tincidunt dolor mollis id. Nunc sed lacus semper mauris lacinia volutpat. Quisque consectetur et nunc in vulputate. Nullam euismod lectus nec metus sodales scelerisque. Ut mi est, commodo non purus eu, ultricies sagittis sapien.[\/vc_column_text][\/vc_column][\/vc_row][vc_row css=&#8221;.vc_custom_1453128316492{margin-bottom: 20px !important;}&#8221;][vc_column]<blockquote><p>Lorem ipsum dolor sit amet, consectetur adipiscing elit. Nam efficitur rutrum diam, ut commodo ipsum elementum ac. Duis quis iaculis purus, eget mattis urna. Quisque consectetur odio ac ante fermentum malesuada. Nullam eget lectus euismod, rutrum quam quis, venenatis ligula. Integer egestas elit ipsum. Vivamus nec egestas turpis, et semper neque.<\/p><\/blockquote>[\/vc_column][\/vc_row][vc_row css=&#8221;.vc_custom_1453128278552{margin-bottom: 0px !important;}&#8221;][vc_column][vc_column_text]Lorem ipsum dolor sit amet, consectetur adipiscing elit. Nam efficitur rutrum diam, ut commodo ipsum elementum ac. Duis quis iaculis purus, eget mattis urna. Quisque consectetur odio ac ante fermentum malesuada. Nullam eget lectus euismod, rutrum quam quis, venenatis ligula. Integer egestas elit ipsum. Vivamus nec egestas turpis, et semper neque. Pellentesque ac nisl feugiat, blandit mauris ut, sollicitudin quam. Vivamus vestibulum est scelerisque mi tempus fermentum. Vestibulum sed orci cursus, dictum nisl nec, iaculis tellus.[\/vc_column_text][\/vc_column][\/vc_row]<\/p>\n            <\/div>\n            <a href=\"https:\/\/demo.onayyapi.net\/index.php\/2016\/01\/07\/the-humble-beginnings\/\" class=\"btn btn-md btn-gradient btn-shadow\">Read More<\/a>\n        <\/div>\n    <\/article>\n<\/div>\n<div class=\"col-md-6\">\n    <article id=\"post-1182\" class=\"post-1182 post type-post status-publish format-standard has-post-thumbnail hentry category-chemical category-industry category-materials tag-industry tag-storage\">\n        <header class=\"entry-header\">\n            <img loading=\"lazy\" decoding=\"async\" width=\"871\" height=\"430\" src=\"https:\/\/demo.onayyapi.net\/wp-content\/uploads\/2016\/01\/post4-1.jpg\" class=\"attachment-large size-large wp-post-image\" alt=\"\" srcset=\"https:\/\/demo.onayyapi.net\/wp-content\/uploads\/2016\/01\/post4-1.jpg 871w, https:\/\/demo.onayyapi.net\/wp-content\/uploads\/2016\/01\/post4-1-600x296.jpg 600w, https:\/\/demo.onayyapi.net\/wp-content\/uploads\/2016\/01\/post4-1-300x148.jpg 300w, https:\/\/demo.onayyapi.net\/wp-content\/uploads\/2016\/01\/post4-1-768x379.jpg 768w\" sizes=\"auto, (max-width: 871px) 100vw, 871px\" \/>            <a href=\"https:\/\/demo.onayyapi.net\/index.php\/2016\/01\/07\/safety-in-storage\/\"><h3 class=\"post-title entry-title text-uppercase\">Safety in storage<\/h3><\/a>\n            <ul class='post-meta'><li>\n                <i class='fa fa-calendar'><\/i>\n                <time datetime='2016-01-07 03:47'>7 Ocak 2016<\/time>\n            <\/li><li>\n                <i class='fa fa-commenting-o'><\/i>\n                Yorum yap\u0131lmam\u0131\u015f\n            <\/li><\/ul>        <\/header>\n        <div class=\"post-content entry-content\">\n            <div class=\"post-desc clearfix\">\n                <p>[vc_row css=&#8221;.vc_custom_1453128198958{margin-bottom: 0px !important;}&#8221;][vc_column][vc_column_text]Lorem ipsum dolor sit amet, consectetur adipiscing elit. Nam efficitur rutrum diam, ut commodo ipsum elementum.\u00a0Duis quis iaculis purus, eget mattis urna. Quisque consectetur odio ac ante fermentum malesuada. Nullam eget lectus euismod, rutrum quam quis, venenatis ligula. Integer egestas elit ipsum. Vivamus nec egestas turpis, et semper neque. Pellentesque ac nisl feugiat, blandit mauris ut, sollicitudin quam. Vivamus vestibulum est scelerisque mi tempus fermentum. Vestibulum sed orci cursus, dictum nisl nec, iaculis tellus.<\/p>\n<p>Sed eget cursus metus. Proin finibus volutpat consectetur. Proin vitae arcu vitae dolor porttitor vestibulum sed non dolor. Pellentesque lacinia erat diam, in dapibus mi venenatis non. Praesent ut massa est. Praesent eu odio auctor, aliquet risus non, auctor nisl. Vivamus dictum tincidunt consectetur. Aliquam commodo dignissim lorem vitae viverra. Sed quis maximus dolor. In hac habitasse platea dictumst. Cras auctor magna quis lorem sodales convallis. Quisque sodales congue quam, sed tincidunt dolor mollis id. Nunc sed lacus semper mauris lacinia volutpat. Quisque consectetur et nunc in vulputate. Nullam euismod lectus nec metus sodales scelerisque. Ut mi est, commodo non purus eu, ultricies sagittis sapien.[\/vc_column_text][\/vc_column][\/vc_row][vc_row css=&#8221;.vc_custom_1453128316492{margin-bottom: 20px !important;}&#8221;][vc_column]<blockquote><p>Lorem ipsum dolor sit amet, consectetur adipiscing elit. Nam efficitur rutrum diam, ut commodo ipsum elementum ac. Duis quis iaculis purus, eget mattis urna. Quisque consectetur odio ac ante fermentum malesuada. Nullam eget lectus euismod, rutrum quam quis, venenatis ligula. Integer egestas elit ipsum. Vivamus nec egestas turpis, et semper neque.<\/p><\/blockquote>[\/vc_column][\/vc_row][vc_row css=&#8221;.vc_custom_1453128278552{margin-bottom: 0px !important;}&#8221;][vc_column][vc_column_text]Lorem ipsum dolor sit amet, consectetur adipiscing elit. Nam efficitur rutrum diam, ut commodo ipsum elementum ac. Duis quis iaculis purus, eget mattis urna. Quisque consectetur odio ac ante fermentum malesuada. Nullam eget lectus euismod, rutrum quam quis, venenatis ligula. Integer egestas elit ipsum. Vivamus nec egestas turpis, et semper neque. Pellentesque ac nisl feugiat, blandit mauris ut, sollicitudin quam. Vivamus vestibulum est scelerisque mi tempus fermentum. Vestibulum sed orci cursus, dictum nisl nec, iaculis tellus.[\/vc_column_text][\/vc_column][\/vc_row]<\/p>\n            <\/div>\n            <a href=\"https:\/\/demo.onayyapi.net\/index.php\/2016\/01\/07\/safety-in-storage\/\" class=\"btn btn-md btn-gradient btn-shadow\">Read More<\/a>\n        <\/div>\n    <\/article>\n<\/div>\n<div class=\"col-md-6\">\n    <article id=\"post-1179\" class=\"post-1179 post type-post status-publish format-standard hentry category-chemical category-energy category-industry category-manufacturing category-materials tag-post tag-video\">\n        <header class=\"entry-header\">\n                        <a href=\"https:\/\/demo.onayyapi.net\/index.php\/2016\/01\/07\/a-video-post\/\"><h3 class=\"post-title entry-title text-uppercase\">A video post<\/h3><\/a>\n            <ul class='post-meta'><li>\n                <i class='fa fa-calendar'><\/i>\n                <time datetime='2016-01-07 03:16'>7 Ocak 2016<\/time>\n            <\/li><li>\n                <i class='fa fa-commenting-o'><\/i>\n                Yorum yap\u0131lmam\u0131\u015f\n            <\/li><\/ul>        <\/header>\n        <div class=\"post-content entry-content\">\n            <div class=\"post-desc clearfix\">\n                <p>[vc_row css=&#8221;.vc_custom_1453128198958{margin-bottom: 0px !important;}&#8221;][vc_column][vc_column_text]Lorem ipsum dolor sit amet, consectetur adipiscing elit. Nam efficitur rutrum diam, ut commodo ipsum elementum.\u00a0Duis quis iaculis purus, eget mattis urna. Quisque consectetur odio ac ante fermentum malesuada. Nullam eget lectus euismod, rutrum quam quis, venenatis ligula. Integer egestas elit ipsum. Vivamus nec egestas turpis, et semper neque. Pellentesque ac nisl feugiat, blandit mauris ut, sollicitudin quam. Vivamus vestibulum est scelerisque mi tempus fermentum. Vestibulum sed orci cursus, dictum nisl nec, iaculis tellus.<\/p>\n<p>Sed eget cursus metus. Proin finibus volutpat consectetur. Proin vitae arcu vitae dolor porttitor vestibulum sed non dolor. Pellentesque lacinia erat diam, in dapibus mi venenatis non. Praesent ut massa est. Praesent eu odio auctor, aliquet risus non, auctor nisl. Vivamus dictum tincidunt consectetur. Aliquam commodo dignissim lorem vitae viverra. Sed quis maximus dolor. In hac habitasse platea dictumst. Cras auctor magna quis lorem sodales convallis. Quisque sodales congue quam, sed tincidunt dolor mollis id. Nunc sed lacus semper mauris lacinia volutpat. Quisque consectetur et nunc in vulputate. Nullam euismod lectus nec metus sodales scelerisque. Ut mi est, commodo non purus eu, ultricies sagittis sapien.[\/vc_column_text][\/vc_column][\/vc_row][vc_row css=&#8221;.vc_custom_1453128316492{margin-bottom: 20px !important;}&#8221;][vc_column]<blockquote><p>Lorem ipsum dolor sit amet, consectetur adipiscing elit. Nam efficitur rutrum diam, ut commodo ipsum elementum ac. Duis quis iaculis purus, eget mattis urna. Quisque consectetur odio ac ante fermentum malesuada. Nullam eget lectus euismod, rutrum quam quis, venenatis ligula. Integer egestas elit ipsum. Vivamus nec egestas turpis, et semper neque.<\/p><\/blockquote>[\/vc_column][\/vc_row][vc_row css=&#8221;.vc_custom_1453128278552{margin-bottom: 0px !important;}&#8221;][vc_column][vc_column_text]Lorem ipsum dolor sit amet, consectetur adipiscing elit. Nam efficitur rutrum diam, ut commodo ipsum elementum ac. Duis quis iaculis purus, eget mattis urna. Quisque consectetur odio ac ante fermentum malesuada. Nullam eget lectus euismod, rutrum quam quis, venenatis ligula. Integer egestas elit ipsum. Vivamus nec egestas turpis, et semper neque. Pellentesque ac nisl feugiat, blandit mauris ut, sollicitudin quam. Vivamus vestibulum est scelerisque mi tempus fermentum. Vestibulum sed orci cursus, dictum nisl nec, iaculis tellus.[\/vc_column_text][\/vc_column][\/vc_row]<\/p>\n            <\/div>\n            <a href=\"https:\/\/demo.onayyapi.net\/index.php\/2016\/01\/07\/a-video-post\/\" class=\"btn btn-md btn-gradient btn-shadow\">Read More<\/a>\n        <\/div>\n    <\/article>\n<\/div>\n<\/div><ul class='page-numbers'>\n\t<li><span aria-current=\"page\" class=\"page-numbers current\">1<\/span><\/li>\n\t<li><a class=\"page-numbers\" href=\"https:\/\/demo.onayyapi.net\/index.php\/wp-json\/wp\/v2\/pages\/1633\/page\/2\/\">2<\/a><\/li>\n\t<li><a class=\"next page-numbers\" href=\"https:\/\/demo.onayyapi.net\/index.php\/wp-json\/wp\/v2\/pages\/1633\/page\/2\/\">Next <i class=\"fa fa-angle-right\"><\/i><\/a><\/li>\n<\/ul>\n[\/vc_column][\/vc_row]<\/p>\n","protected":false},"excerpt":{"rendered":"<p>[vc_row][vc_column][\/vc_column][\/vc_row]<\/p>\n","protected":false},"author":1,"featured_media":0,"parent":0,"menu_order":0,"comment_status":"closed","ping_status":"closed","template":"","meta":{"footnotes":""},"class_list":["post-1633","page","type-page","status-publish","hentry"],"_links":{"self":[{"href":"https:\/\/demo.onayyapi.net\/index.php\/wp-json\/wp\/v2\/pages\/1633","targetHints":{"allow":["GET"]}}],"collection":[{"href":"https:\/\/demo.onayyapi.net\/index.php\/wp-json\/wp\/v2\/pages"}],"about":[{"href":"https:\/\/demo.onayyapi.net\/index.php\/wp-json\/wp\/v2\/types\/page"}],"author":[{"embeddable":true,"href":"https:\/\/demo.onayyapi.net\/index.php\/wp-json\/wp\/v2\/users\/1"}],"replies":[{"embeddable":true,"href":"https:\/\/demo.onayyapi.net\/index.php\/wp-json\/wp\/v2\/comments?post=1633"}],"version-history":[{"count":0,"href":"https:\/\/demo.onayyapi.net\/index.php\/wp-json\/wp\/v2\/pages\/1633\/revisions"}],"wp:attachment":[{"href":"https:\/\/demo.onayyapi.net\/index.php\/wp-json\/wp\/v2\/media?parent=1633"}],"curies":[{"name":"wp","href":"https:\/\/api.w.org\/{rel}","templated":true}]}}